





{"version":"1.0","provider_name":"Autocaravanas, caravanas y furgonetas campers nuevas, ocasi\u00f3n y segunda mano","provider_url":"https:\/\/m3caravaning.com\/ca\/","title":"Gaudir la temporada d'esqu\u00ed en autocaravana - Autocaravanas, caravanas y furgonetas campers nuevas, ocasi\u00f3n y segunda mano","type":"rich","width":600,"height":338,"html":"<blockquote class=\"wp-embedded-content\" data-secret=\"lkiHibJapZ\"><a href=\"https:\/\/m3caravaning.com\/ca\/autocaravanes\/gaudir-la-temporada-desqui-en-autocaravana\/\">Gaudir la temporada d&#8217;esqu\u00ed en autocaravana<\/a><\/blockquote><iframe sandbox=\"allow-scripts\" security=\"restricted\" src=\"https:\/\/m3caravaning.com\/ca\/autocaravanes\/gaudir-la-temporada-desqui-en-autocaravana\/embed\/#?secret=lkiHibJapZ\" width=\"600\" height=\"338\" title=\"&#8220;Gaudir la temporada d&#8217;esqu\u00ed en autocaravana&#8221; &#8212; Autocaravanas, caravanas y furgonetas campers nuevas, ocasi\u00f3n y segunda mano\" data-secret=\"lkiHibJapZ\" frameborder=\"0\" marginwidth=\"0\" marginheight=\"0\" scrolling=\"no\" class=\"wp-embedded-content\"><\/iframe><script>\n\/*! This file is auto-generated *\/\n!function(d,l){\"use strict\";l.querySelector&&d.addEventListener&&\"undefined\"!=typeof URL&&(d.wp=d.wp||{},d.wp.receiveEmbedMessage||(d.wp.receiveEmbedMessage=function(e){var t=e.data;if((t||t.secret||t.message||t.value)&&!\/[^a-zA-Z0-9]\/.test(t.secret)){for(var s,r,n,a=l.querySelectorAll('iframe[data-secret=\"'+t.secret+'\"]'),o=l.querySelectorAll('blockquote[data-secret=\"'+t.secret+'\"]'),c=new RegExp(\"^https?:$\",\"i\"),i=0;i<o.length;i++)o[i].style.display=\"none\";for(i=0;i<a.length;i++)s=a[i],e.source===s.contentWindow&&(s.removeAttribute(\"style\"),\"height\"===t.message?(1e3<(r=parseInt(t.value,10))?r=1e3:~~r<200&&(r=200),s.height=r):\"link\"===t.message&&(r=new URL(s.getAttribute(\"src\")),n=new URL(t.value),c.test(n.protocol))&&n.host===r.host&&l.activeElement===s&&(d.top.location.href=t.value))}},d.addEventListener(\"message\",d.wp.receiveEmbedMessage,!1),l.addEventListener(\"DOMContentLoaded\",function(){for(var e,t,s=l.querySelectorAll(\"iframe.wp-embedded-content\"),r=0;r<s.length;r++)(t=(e=s[r]).getAttribute(\"data-secret\"))||(t=Math.random().toString(36).substring(2,12),e.src+=\"#?secret=\"+t,e.setAttribute(\"data-secret\",t)),e.contentWindow.postMessage({message:\"ready\",secret:t},\"*\")},!1)))}(window,document);\n\/\/# sourceURL=https:\/\/m3caravaning.com\/wp-includes\/js\/wp-embed.min.js\n<\/script>\n","thumbnail_url":"https:\/\/m3caravaning.com\/wp-content\/uploads\/2019\/12\/ir-a-esquiar-en-autocaravana.webp","thumbnail_width":847,"thumbnail_height":452,"description":"Els amants de la neu ja estan comptant els dies\u2026 \u00c9s\u00a0temps de gaudir la temporada d&#8217;esqu\u00ed en autocaravana\u00a0i visitar els pobles que trobem prop de les pistes. Desembre \u00e9s un mes estupend i abundant en dies festius per a poder fer aquestes escapades a la neu ara que fa m\u00e9s fred. Qu\u00e8 necessitem saber per"}

Autocaravanas, caravanas y furgonetas campers nuevas, ocasión y segunda mano

Gaudir la temporada d'esquí en autocaravana - Autocaravanas, caravanas y furgonetas campers nuevas, ocasión y segunda mano

<blockquote class="wp-embedded-content" data-secret="lkiHibJapZ"><a href="https://m3caravaning.com/ca/autocaravanes/gaudir-la-temporada-desqui-en-autocaravana/">Gaudir la temporada d&#8217;esquí en autocaravana</a></blockquote><iframe sandbox="allow-scripts" security="restricted" src="https://m3caravaning.com/ca/autocaravanes/gaudir-la-temporada-desqui-en-autocaravana/embed/#?secret=lkiHibJapZ" width="600" height="338" title="&#8220;Gaudir la temporada d&#8217;esquí en autocaravana&#8221; &#8212; Autocaravanas, caravanas y furgonetas campers nuevas, ocasión y segunda mano" data-secret="lkiHibJapZ" frameborder="0" marginwidth="0" marginheight="0" scrolling="no" class="wp-embedded-content"></iframe><script>
/*! This file is auto-generated */
!function(d,l){"use strict";l.querySelector&&d.addEventListener&&"undefined"!=typeof URL&&(d.wp=d.wp||{},d.wp.receiveEmbedMessage||(d.wp.receiveEmbedMessage=function(e){var t=e.data;if((t||t.secret||t.message||t.value)&&!/[^a-zA-Z0-9]/.test(t.secret)){for(var s,r,n,a=l.querySelectorAll('iframe[data-secret="'+t.secret+'"]'),o=l.querySelectorAll('blockquote[data-secret="'+t.secret+'"]'),c=new RegExp("^https?:$","i"),i=0;i<o.length;i++)o[i].style.display="none";for(i=0;i<a.length;i++)s=a[i],e.source===s.contentWindow&&(s.removeAttribute("style"),"height"===t.message?(1e3<(r=parseInt(t.value,10))?r=1e3:~~r<200&&(r=200),s.height=r):"link"===t.message&&(r=new URL(s.getAttribute("src")),n=new URL(t.value),c.test(n.protocol))&&n.host===r.host&&l.activeElement===s&&(d.top.location.href=t.value))}},d.addEventListener("message",d.wp.receiveEmbedMessage,!1),l.addEventListener("DOMContentLoaded",function(){for(var e,t,s=l.querySelectorAll("iframe.wp-embedded-content"),r=0;r<s.length;r++)(t=(e=s[r]).getAttribute("data-secret"))||(t=Math.random().toString(36).substring(2,12),e.src+="#?secret="+t,e.setAttribute("data-secret",t)),e.contentWindow.postMessage({message:"ready",secret:t},"*")},!1)))}(window,document);
//# sourceURL=https://m3caravaning.com/wp-includes/js/wp-embed.min.js
</script>

Els amants de la neu ja estan comptant els dies… És temps de gaudir la temporada d&#8217;esquí en autocaravana i visitar els pobles que trobem prop de les pistes. Desembre és un mes estupend i abundant en dies festius per a poder fer aquestes escapades a la neu ara que fa més fred. Què necessitem saber per
